
False
Is 189146 composite?
True
Is 25963 composite?
True
Is 16331 a composite number?
True
Is 51743 a composite number?
True
Is 115633 a composite number?
True
Is 32491 prime?
True
Is 1280867 composite?
True
Is 758071 composite?
False
Is 45869 composite?
False
Is 529565 a prime number?
False
Is 400763 a prime number?
False
Is 3563 prime?
False
Is 8663 prime?
True
Is 17809 a composite number?
True
Is 808081 prime?
True
Is 1903 a prime number?
False
Is 7789 a composite number?
False
Is 77447 prime?
True
Is 3351 a composite number?
True
Is 258847 prime?
True
Is 2503 a composite number?
False
Is 96643 composite?
False
Is 8251 prime?
False
Is 647 prime?
True
Is 355127 composite?
False
Is 430973 a prime number?
False
Is 2159 prime?
False
Is 102479 prime?
False
Is 78757 composite?
True
Is 4379 composite?
True
Is 118381 a composite number?
True
Is 5971 composite?
True
Is 3659 composite?
False
Is 12197 a composite number?
False
Is 634927 composite?
False
Is 1175651 composite?
False
Is 49186 composite?
True
Is 48157 composite?
False
Is 1754609 a composite number?
False
Is 120319 prime?
True
Is 2053 a prime number?
True
Is 1015871 a composite number?
False
Is 23753 composite?
False
Is 41351 prime?
True
Is 8353 prime?
True
Is 30133 a composite number?
False
Is 138553 a composite number?
True
Is 860887 a composite number?
False
Is 45533 a prime number?
True
Is 102587 a composite number?
False
Is 28583 a prime number?
False
Is 373571 prime?
False
Is 10399 prime?
True
Is 4367 composite?
True
Is 10553 prime?
False
Is 100643 a prime number?
False
Is 817829 a composite number?
True
Is 25535 a composite number?
True
Is 596363 a composite number?
False
Is 24763 composite?
False
Is 38261 a composite number?
False
Is 728515 composite?
True
Is 1342163 a prime number?
True
Is 1419493 composite?
False
Is 19841 composite?
False
Is 1092251 prime?
True
Is 18053 composite?
True
Is 195787 a prime number?
True
Is 55579 prime?
True
Is 48151 composite?
True
Is 280793 a prime number?
False
Is 230663 a prime number?
True
Is 749843 a prime number?
True
Is 787243 composite?
False
Is 250003 a prime number?
False
Is 41099 composite?
True
Is 153917 a composite number?
True
Is 176129 composite?
False
Is 16917 a prime number?
False
Is 769 composite?
False
Is 43237 composite?
False
Is 11401 a composite number?
True
Is 22163 a prime number?
False
Is 348989 prime?
True
Is 194471 prime?
True
Is 4171 composite?
True
Is 3223 a composite number?
True
Is 16057 a composite number?
False
Is 441229 a prime number?
True
Is 58309 a composite number?
False
Is 65573 prime?
False
Is 1145281 composite?
False
Is 2657 a composite number?
False
Is 295111 a composite number?
False
Is 4073 composite?
False
Is 4409 composite?
False
Is 2897 prime?
True
Is 32317 a prime number?
False
Is 1949 a prime number?
True
Is 12989 a prime number?
False
Is 54701 a prime number?
False
Is 2503 a prime number?
True
Is 31718 prime?
False
Is 4547 a composite number?
False
Is 22267 composite?
True
Is 1264177 a composite number?
False
Is 4358 a composite number?
True
Is 476023 a prime number?
True
Is 3054273 prime?
False
Is 31 composite?
False
Is 1388561 a prime number?
False
Is 3362363 composite?
False
Is 223241 composite?
False
Is 61331 a prime number?
True
Is 523 composite?
False
Is 399131 a composite number?
False
Is 13406 composite?
True
Is 25013 a composite number?
False
Is 1632191 prime?
False
Is 350029 prime?
True
Is 701 composite?
False
Is 256873 a composite number?
False
Is 582187 a prime number?
False
Is 109418 a prime number?
False
Is 493413 prime?
False
Is 122659 a composite number?
True
Is 392381 composite?
True
Is 29917 composite?
False
Is 146711 prime?
False
Is 1248917 composite?
False
Is 12289 prime?
True
Is 1069451 composite?
False
Is 29789 a composite number?
False
Is 17707 prime?
True
Is 177189 a prime number?
False
Is 1175927 a composite number?
False
Is 664757 composite?
False
Is 3959 prime?
False
Is 5983 a prime number?
False
Is 596179 a composite number?
False
Is 886234 prime?
False
Is 2560381 a composite number?
True
Is 96043 composite?
False
Is 3889 a composite number?
False
Is 7829 a composite number?
False
Is 201631 a prime number?
False
Is 331879 a prime number?
False
Is 697343 prime?
False
Is 10697 composite?
True
Is 77681 prime?
True
Is 318797 composite?
True
Is 26173 prime?
False
Is 224089 a prime number?
False
Is 1709 composite?
False
Is 37409 a composite number?
False
Is 58931 a composite number?
True
Is 112877 prime?
True
Is 152479 a composite number?
True
Is 11707 a composite number?
True
Is 196247 prime?
True
Is 196997 a composite number?
True
Is 47777 composite?
False
Is 404773 a composite number?
False
Is 2041 composite?
True
Is 389269 a prime number?
True
Is 142531 prime?
False
Is 200639 a prime number?
True
Is 29647 a prime number?
False
Is 181729 prime?
True
Is 3163 prime?
True
Is 48011 a composite number?
True
Is 272651 a composite number?
False
Is 17669 a composite number?
False
Is 86662 composite?
True
Is 252557 prime?
False
Is 8201 composite?
True
Is 6143 a prime number?
True
Is 42554 a composite number?
True
Is 38447 a composite number?
False
Is 22339 a composite number?
True
Is 24307 prime?
False
Is 122545 a composite number?
True
Is 1616783 prime?
False
Is 145661 a composite number?
False
Is 45949 a composite number?
False
Is 14519 a composite number?
False
Is 15101 prime?
True
Is 9365 prime?
False
Is 13001 composite?
False
Is 15641 a composite number?
False
Is 16883 prime?
True
Is 2207 a composite number?
False
Is 5923 composite?
False
Is 273115 a composite number?
True
Is 14453 composite?
True
Is 49817 prime?
False
Is 36733 prime?
False
Is 74207 a composite number?
True
Is 851977 prime?
False
Is 16141 a composite number?
False
Is 380543 prime?
False
Is 80309 a composite number?
False
Is 829 composite?
False
Is 696653 composite?
False
Is 776677 a prime number?
False
Is 421853 prime?
False
Is 62897 a prime number?
True
Is 2022599 a composite number?
True
Is 57913 prime?
False
Is 15253 prime?
False
Is 2933 a composite number?
True
Is 1889781 a composite number?
True
Is 7057 a prime number?
True
Is 877 composite?
False
Is 22229 composite?
False
Is 2839 a composite number?
True
Is 3491 prime?
True
Is 15401 composite?
False
Is 355 a composite number?
True
Is 15095 a composite number?
True
Is 83935 composite?
True
Is 326785 composite?
True
Is 19529 composite?
True
Is 2459 composite?
False
Is 198173 composite?
False
Is 3482 composite?
True
Is 3761 a prime number?
True
Is 54193 prime?
True
Is 3401 prime?
False
Is 34885 a composite number?
True
Is 14401 a composite number?
False
Is 213103 prime?
False
Is 61819 a composite number?
False
Is 26155 a prime number?
False
Is 293257 a composite number?
False
Is 3660213 prime?
False
Is 6353 prime?
True
Is 32831 prime?
True
Is 263759 a prime number?
True
Is 772773 a prime number?
False
Is 3009271 prime?
True
Is 6243 prime?
False
Is 181459 prime?
True
Is 1159 a prime number?
False
Is 124057 prime?
False
Is 3449 composite?
False
Is 9391 prime?
True
Is 8161 a prime number?
True
Is 14311 composite?
True
Is 189463 a composite number?
False
Is 5539 a prime number?
False
Is 10757 a composite number?
True
Is 5331 prime?
False
Is 12473 a prime number?
True
Is 3941 prime?
False
Is 181822 composite?
True
Is 4201 a prime number?
True
Is 54399 a prime number?
False
Is 40813 composite?
False
Is 107773 a composite number?
False
Is 102133 composite?
True
Is 515397 composite?
True
Is 10577 a composite number?
True
Is 16801 composite?
True
Is 5209 prime?
True
Is 405177 composite?
True
Is 40897 a composite number?
False
Is 132067 a composite number?
True
Is 37 composite?
False
Is 209471 a composite number?
False
Is 853 composite?
False
Is 24929 prime?
False
Is 666741 a composite number?
True
Is 3312347 prime?
True
Is 99478 a prime number?
False
Is 43151 prime?
True
Is 77911 prime?
False
Is 54751 composite?
False
Is 134327 composite?
False
Is 10895 prime?
False
Is 15146 a prime number?
False
Is 323545 composite?
True
Is 1066697 a composite number?
True
Is 156067 a prime number?
False
Is 602251 prime?
False
Is 1879887 prime?
False
Is 559277 composite?
False
Is 26099 a prime number?
True
Is 279343 prime?
False
Is 3109 a composite number?
False
Is 621389 composi